01 (base 2) to base 5.
-212
Convert 112 (base 3) to base 2.
1110
-98 (base 14) to base 13
-a4
-1000 (base 2) to base 3
-22
Convert -100110 (base 2) to base 9.
-42
Convert -b (base 13) to base 5.
-21
Convert -16 (base 12) to base 6.
-30
What is 131 (base 5) in base 10?
41
Convert 28 (base 12) to base 14.
24
What is 0 (base 12) in base 11?
0
-177 (base 12) to base 6
-1031
What is 10102 (base 3) in base 4?
1130
What is 149 (base 12) in base 11?
173
Convert 16 (base 11) to base 10.
17
Convert 6 (base 12) to base 4.
12
-2302 (base 4) to base 12
-12a
Convert 111 (base 2) to base 15.
7
What is 20120 (base 3) in base 14?
c9
Convert 53 (base 8) to base 7.
61
-1 (base 11) to base 12
-1
2 (base 16) to base 10
2
Convert 29 (base 11) to base 6.
51
84 (base 11) to base 9
112
-1 (base 13) to base 5
-1
What is 1 (base 3) in base 11?
1
-2 (base 3) to base 2
-10
Convert 4 (base 10) to base 7.
4
Convert -1 (base 13) to base 9.
-1
-3 (base 14) to base 8
-3
What is -10 (base 11) in base 15?
-b
What is 10 (base 13) in base 7?
16
Convert -322 (base 4) to base 13.
-46
What is 4 (base 6) in base 8?
4
5 (base 7) to base 5
10
What is 0 (base 4) in base 8?
0
Convert -6 (base 13) to base 8.
-6
Convert 0 (base 13) to base 7.
0
-1 (base 3) to base 9
-1
9 (base 14) to base 10
9
-1 (base 11) to base 15
-1
1 (base 7) to base 5
1
8 (base 15) to base 5
13
Convert 3 (base 15) to base 3.
10
What is 13 (base 8) in base 9?
12
-13 (base 16) to base 14
-15
What is -13 (base 6) in base 10?
-9
What is -76 (base 8) in base 3?
-2022
What is 12 (base 14) in base 10?
16
What is 11 (base 2) in base 8?
3
421 (base 6) to base 5
1112
Convert 100 (base 7) to base 3.
1211
24 (base 11) to base 2
11010
-101 (base 2) to base 9
-5
Convert -1 (base 9) to base 12.
-1
Convert -4 (base 14) to base 10.
-4
What is 15 (base 12) in base 11?
16
What is 32 (base 13) in base 3?
1112
What is 9 (base 12) in base 8?
11
-26 (base 8) to base 5
-42
9b (base 12) to base 6
315
1 (base 13) to base 2
1
1 (base 6) to base 15
1
Convert -1 (base 12) to base 3.
-1
Convert 55 (base 7) to base 4.
220
11 (base 5) to base 10
6
Convert -101010 (base 2) to base 7.
-60
5 (base 7) to base 12
5
-3 (base 11) to base 5
-3
Convert -8 (base 16) to base 5.
-13
-138 (base 15) to base 2
-100010110
3 (base 8) to base 16
3
What is -2201 (base 4) in base 15?
-ab
Convert -1 (base 12) to base 10.
-1
Convert 33 (base 4) to base 8.
17
Convert 18 (base 14) to base 16.
16
Convert 32 (base 8) to base 16.
1a
5 (base 7) to base 12
5
What is 1 (base 15) in base 3?
1
What is -58 (base 13) in base 15?
-4d
Convert -21 (base 7) to base 4.
-33
Convert -9 (base 10) to base 4.
-21
-10 (base 15) to base 10
-15
What is 212 (base 3) in base 11?
21
Convert -8 (base 16) to base 10.
-8
Convert 2 (base 9) to base 16.
2
What is -64 (base 7) in base 3?
-1201
Convert -243 (base 9) to base 12.
-149
Convert -16 (base 10) to base 9.
-17
Convert -2 (base 14) to base 13.
-2
What is -39 (base 11) in base 15?
-2c
Convert 1e (base 16) to base 2.
11110
What is 21 (base 3) in base 10?
7
Convert -110010 (base 2) to base 9.
-55
1211 (base 3) to base 13
3a
What is -2032 (base 4) in base 3?
-12021
-9 (base 10) to base 5
-14
Convert 533 (base 6) to base 9.
243
215 (base 6) to base 11
76
-120 (base 4) to base 12
-20
Convert -3 (base 7) to base 12.
-3
123 (base 4) to base 5
102
-1 (base 13) to base 3
-1
Convert -1a5 (base 12) to base 10.
-269
What is -35 (base 10) in base 16?
-23
What is 5 (base 11) in base 14?
5
What is 8 (base 11) in base 2?
1000
Convert -3 (base 8) to base 9.
-3
What is 14 (base 6) in base 7?
13
What is -175 (base 8) in base 9?
-148
0 (base 16) to base 2
0
What is 7 (base 10) in base 16?
7
What is 11 (base 2) in base 14?
3
What is -54 (base 7) in base 6?
-103
36 (base 13) to base 12
39
Convert 0 (base 16) to base 8.
0
1 (base 10) to base 6
1
What is -3 (base 16) in base 5?
-3
Convert 2 (base 10) to base 2.
10
4 (base 16) to base 11
4
What is 257 (base 9) in base 15?
e4
Convert 1 (base 3) to base 13.
1
-10 (base 2) to base 12
-2
Convert 100 (base 4) to base 12.
14
What is 1001 (base 2) in base 5?
14
What is -9 (base 14) in base 13?
-9
-85 (base 15) to base 4
-1331
What is 23 (base 12) in base 10?
27
What is 86 (base 9) in base 8?
116
What is 1 (base 5) in base 3?
1
3 (base 5) to base 12
3
0 (base 7) to base 11
0
Convert 6 (base 11) to base 14.
6
3 (base 16) to base 5
3
What is -1d (base 16) in base 2?
-11101
Convert -12 (base 10) to base 8.
-14
Convert 56 (base 12) to base 15.
46
What is 23 (base 14) in base 11?
29
What is -1 (base 14) in base 2?
-1
Convert a (base 11) to base 13.
a
Convert 0 (base 10) to base 4.
0
-10101 (base 4) to base 16
-111
What is -4 (base 6) in base 10?
-4
-100 (base 6) to base 16
-24
Convert 1022 (base 3) to base 5.
120
What is -a (base 12) in base 4?
-22
-11101100 (base 2) to base 12
-178
-1 (base 2) to base 12
-1
Convert -52 (base 14) to base 6.
-200
What is -2 (base 4) in base 11?
-2
Convert -5a (base 14) to base 6.
-212
-2 (base 9) to base 4
-2
What is -1 (base 6) in base 15?
-1
What is -25 (base 11) in base 7?
-36
-2 (base 10) to base 6
-2
22 (base 10) to base 16
16
Convert 17f (base 16) to base 11.
319
3 (base 10) to base 15
3
What is 61 (base 11) in base 14?
4b
-45 (base 8) to base 10
-37
What is -1 (base 8) in base 4?
-1
Convert 40 (base 5) to base 9.
22
Convert 173 (base 9) to base 16.
93
Convert e (base 15) to base 10.
14
Convert -1 (base 2) to base 10.
-1
2100 (base 3) to base 13
4b
What is 2 (base 9) in base 2?
10
What is 0 (base 12) in base 5?
0
23 (base 8) to base 4
103
What is 88 (base 9) in base 12?
68
Convert 8 (base 15) to base 7.
11
What is -2c (base 15) in base 5?
-132
Convert 1a8 (base 14) to base 4.
11120
What is -31 (base 6) in base 8?
-23
What is 24 (base 8) in base 13?
17
Convert -144 (base 8) to base 14.
-72
5 (base 8) to base 3
12
-41 (base 9) to base 6
-101
What is -2 (base 14) in base 15?
-2
5 (base 12) to base 6
5
What is 0 (base 13) in base 15?
0
Convert 43 (base 10) to base 7.
61
What is 1 (base 8) in base 10?
1
What is -10 (base 2) in base 14?
-2
-154 (base 10) to base 7
-310
Convert -5 (base 14) to base 15.
-5
Convert 212 (base 3) to base 6.
35
What is -13 (base 13) in base 4?
-100
-8 (base 14) to base 10
-8
12 (base 14) to base 6
24
14 (base 8) to base 12
10
7 (base 16) to base 12
7
25 (base 6) to base 4
101
Convert -e4 (base 16) to base 5.
-1403
-2 (base 9) to base 8
-2
What is -2 (base 4) in base 3?
-2
Convert 139 (base 11) to base 15.
ad
2 (base 14) to base 2
10
What is -3 (base 5) in base 15?
-3
Convert -4 (base 10) to base 7.
-4
Convert 1121 (base 4) to base 12.
75
What is -7 (base 16) in base 3?
-21
What is -6 (base 10) in base 6?
-10
What is -11 (base 12) in base 3?
-111
What is -12 (base 9) in base 5?
-21
Convert 213 (base 7) to base 8.
154
What is 18 (base 16) in base 14?
1a
What is 0 (base 9) in base 3?
0
What is 125 (base 6) in base 14?
3b
-2 (base 12) to base 8
-2
Convert -1 (base 4) to base 10.
-1
Convert -3 (base 16) to base 7.
-3
What is -4 (base 16) in base 7?
-4
What is -5 (base 11) in base 8?
-5
2d (base 14) to base 5
131
What is 101010 (base 2) in base 12?
36
1 (base 11) to base 7
1
What is -11 (base 13) in base 2?
-1110
b6 (base 13) to base 3
12112
Convert -3 (base 11) to base 14.
-3
What is 15 (base 9) in base 4?
32
What is -7 (base 8) in base 16?
-7
7 (base 13) to base 12
7
What is 555 (base 8) in base 12?
265
-10001 (base 2) to base 7
-23
What is 100 (base 3) in base 16?
9
Convert -17b (base 12) to base 16.
-ef
Convert -10 (base 5) to base 3.
-12
Convert -1 (base 13) to base 2.
-1
100 (base 2) to base 13
4
Convert -100 (base 2) to base 4.
-10
What is -3 (base 16) in base 9?
-3
Convert 10 (base 3) to base 11.
3
-13 (base 9) to base 4
-30
2 (base 9) to base 5
2
What is -121 (base 3) in base 6?
-24
What is 116 (base 7) in base 9?
68
-3 (base 5) to base 15
-3
-126 (base 9) to base 13
-81
-2 (base 8) to base 16
-2
What is 22 (base 3) in base 11?
8
Convert 2 (base 3) to base 6.
2
What is -2 (base 5) in base 7?
-2
-6 (base 15) to base 4
-12
Convert 12 (base 7) to base 12.
9
What is 3 (base 10) in base 8?
3
What is -1000 (base 2) in base 3?
-22
Convert -100 (base 2) to base 4.
-10
1111 (base 3) to base 5
130
33 (base 11) to base 12
30
Convert -50 (base 14) to base 10.
-70
3 (base 14) to b